(2/(-1))/(-2)*76. Suppose 4*z = 2636 + i. Let w = z + -391. Is w a composite number?
True
Let j be 6 + 14/(-3)*3. Is 10771*3/18*(-48)/j a composite number?
False
Suppose -2*w + 5*j + 1414002 = 0, 0 = 13*w - 11*w + 2*j - 1413974. Is w a composite number?
True
Let z = 198075 + 55998. Is z a prime number?
False
Suppose -571*d = -586*d + 4545626 + 2130229. Is d a composite number?
True
Let n(g) = -g**2 + 10*g - 4. Let p be n(6). Suppose 4*l - 7*l - 17 = -2*m, p = 2*m - 4*l. Suppose -m*x + 1311 = -101. Is x composite?
False
Let o(d) = -196*d**3 + 23*d**2 - 34*d - 179. Is o(-12) composite?
True
Let c(g) = 78695*g**2 - 63*g + 63. Is c(1) a prime number?
False
Let z = 7728 + -13260. Let o = z - -8783. Is o composite?
False
Suppose -12 = -5*a - 2. Suppose 4*h - a*d - 1058 = 0, -4*h - d = -1117 + 68. Is h a prime number?
True
Suppose 5*l + 7*x - 9*x + 3179 = 0, -l + 2*x - 639 = 0. Suppose 1977 = p + 5*c, -2*p - 4*c + 2499 = -1449. Let w = p + l. Is w a composite number?
True
Suppose 0 = 2*r + 3*r - 3190. Let p(y) = -10*y + 247. Let j be p(-7). Suppose j = 5*g - r. Is g composite?
False
Let i = 33 + -29. Suppose i*x = 0, -4*y - 112 = -8*y + x. Suppose 0 = -y*l + 30*l - 998. Is l prime?
True
Suppose -4*z = r - 248565, 497139 = 2*r + 5*z - 6*z. Is r prime?
True
Suppose -5*x = -3*w - 15 + 48, -5*w + 3*x = -55. Suppose 0 = w*n - 654 - 38407. Is n a prime number?
False
Suppose -4*k + 1474033 = -8*b - 424883, 0 = -3*k - b + 1424194. Is k prime?
False
Suppose -46 = n - 4*l, -4*n - l = -2*n + 128. Let d = n + 64. Suppose 0 = -s + 3*m + 616, d*s + 3*m - 1375 = -152. Is s a composite number?
False
Let l(i) = -4*i**2 - 19*i + 28*i + 3*i**2 - 11 - 4. Let y be l(5). Suppose -g = y*s - 1132, -s - 2*g + 228 = -g. Is s composite?
True
Suppose 366*d - 3608632 = 701750. Is d prime?
True
Let l(j) = -22327*j + 2996. Is l(-15) a composite number?
False
Suppose 75*h = 73*h + 102. Suppose 58*i - 23723 = h*i. Is i a composite number?
False
Suppose 5*w = 4*c - 10276, 0*w + 4*c = -w - 2036. Let r = w - -3205. Let m = r - -430. Is m prime?
True
Let k be 9/((-72)/16)*24/3. Is 2/k + 53715/24 - 1 composite?
False
Suppose 5*c = 3*s + 741805, -7*s + 488143 - 43060 = 3*c. Is c composite?
False
Let h(p) = -5*p - 6. Let b be h(-3). Let g = -7 + b. Suppose 0*k = g*n - 3*k - 127, -4*n - 4*k = -224. Is n a composite number?
False
Let u be 3*(13/(-117))/((-2)/12). Is 6905/u + 19/38 composite?
True
Let d be 0/(-1) + 2 - -6. Suppose -4*f + 3*f = d. Let a(k) = -k**3 - 7*k**2 + 5*k + 7. Is a(f) a composite number?
False
Let y be ((-4)/6)/(8/(-9348)). Suppose -4*j + y + 5033 = 0. Suppose -3*q = 2*v - 574 - j, v - 675 = -q. Is q a prime number?
True
Let t(f) = -6*f**2 + 73*f - 9. Let v be t(12). Is (0 + (-8)/12)/(v/(-6921)) a composite number?
True
Let f(m) = -8*m**2 - 7. Let u(s) = s**3 + s. Let c(h) = -f(h) - u(h). Is c(-6) a composite number?
True
Suppose -7 + 267 = -4*s. Let y be ((-4)/5)/(2/s). Let v = y - 17. Is v prime?
False
Suppose -r - 4*p - 60 = 0, 0 = 4*r + r - p + 342. Let i = r + 71. Is ((-2)/i)/((-2)/1335) composite?
True
Suppose s - 26*n = -29*n + 156554, -4*s + 626161 = n. Is s composite?
False
Suppose -13*p + 209234 = -64767. Suppose 0 = -9*l + 2*l + p. Is l a prime number?
True
Let h = -36503 - -74640. Is h composite?
True
Let o(t) = t**2 + 7*t + 16. Let y be o(-4). Suppose 5*x + 15 = 0, -y*h + 15 = -2*h - 3*x. Suppose h*n + 11665 = 8*n. Is n a composite number?
False
Let w = 100 - 81. Suppose -2*y - 63 = w. Is y/(639/(-159) + 4) prime?
False
Suppose 111*z = -55*z + 779204. Is z a composite number?
True
Let y(h) be the first derivative of -1018*h**2 - 337*h - 280. Is y(-6) a prime number?
False
Let q = 562642 - 280137. Is q composite?
True
Let y(w) = 164*w**3 - w**2 + 8*w - 37. Is y(3) a composite number?
True
Let f = 64 + -67. Let z(j) = -2*j**2 - 8*j - 2. Let r be z(f). Suppose p - 2803 - 876 = -r*x, -5*p = 25. Is x prime?
False
Suppose -3*k = -3*v - 6, -v - k = -5*v + 4. Suppose 12*p - v*p = -20. Is -254*(5/p - -2) a composite number?
False
Let q = -115060 + 531419. Is q a prime number?
True
Is (14121866/119 - 10) + (-2)/14 composite?
False
Let a(y) = 60*y + 23. Let h(w) = 46 + 69*w + 56*w - 6*w. Let f(m) = 11*a(m) - 6*h(m). Is f(-15) prime?
True
Let l = 4 - 4. Let d = -2915 - -3918. Suppose 4*u = -3*q + 1802, -4*u + 4*q + d + 785 = l. Is u a prime number?
True
Let u(a) = -5770*a + 1. Let y be u(-9). Suppose -12*k + y = -k. Is k a prime number?
True
Let c(l) = 829*l + 182. Let d be ((-152)/(-24) - 8)*-3. Is c(d) a composite number?
False
Let f(b) = b**3 + 2*b**2 + 2. Let n be f(-2). Suppose 2186 = -0*o - o + 3*w, -n*w = o + 2201. Let q = o + 3292. Is q a prime number?
True
Suppose 219*c + 16821317 - 23581270 = 20882884. Is c composite?
False
Suppose 4*l = -2*z + 1382072 - 442694, -939373 = -2*z + l. Is z prime?
True
Let u = -102 - -105. Suppose -u*q + k = -17459, 17474 = 12*q - 9*q - 4*k. Is q a composite number?
True
Let j(v) = 277*v**3 + 2*v**2 - v - 3. Let i(m) = -m**2 - 21*m - 66. Let p be i(-17). Is j(p) a prime number?
False
Let l(o) = 2 + 1514*o**2 + 0 + 2209*o**2 - 1300*o**2 - 12*o. Is l(-1) prime?
True
Suppose -3*o - 257798 = -j, -79*o = -74*o + 25. Is j prime?
True
Suppose 68*b - 1897001 - 217106 = 4125097. Is b a composite number?
False
Suppose 2*o = -2*i + 14, -o = -9*i + 12*i - 15. Suppose g + i*q - 5113 - 10320 = 0, q - 77241 = -5*g. Is g prime?
False
Let i(v) = -v**3 + 3*v**2 + 3*v - 7. Let k be i(5). Let h = -37 - k. Suppose -h*t = -544 - 261. Is t a prime number?
False
Suppose 0 = -2*c + 4*c, 4*z + 4*c = 0. Suppose z = d + 3*q - 4400, -4*d + 17636 = -0*d + 3*q. Suppose 5*m - d = 3*m. Is m a prime number?
False
Let n(h) = 76*h**3 - 2*h**2 + 3*h - 2. Let t(s) = 4*s**2 + 2*s. Let j be t(-1). Let f be n(j). Let u = f + -387. Is u prime?
False
Let x(u) = u. Let r = -6 + 0. Let m(j) = -121*j - 13. Let h(v) = r*x(v) - m(v). Is h(4) a prime number?
False
Let w = -32 + 35. Let y(z) = -3*z + 4. Let i be y(w). Is i*(548/6)/(20/(-30)) prime?
False
Let i be (8/(-12))/((-2)/(-12)) - -4. Suppose -2*h - 2564 - 330 = i. Let f = h + 2414. Is f a composite number?
False
Suppose 948767 - 162758 = 3*h - 5*d, 12 = 2*d. Is h a composite number?
True
Suppose 0 = 10*d + i - 428930, -d + 51308 - 8415 = -5*i. Is d prime?
False
Let c(l) = -4*l**2 + 178*l - 172*l + l**2 + 2*l**2 + 3637. Is c(0) prime?
True
Let r(g) be the second derivative of 11*g**4/12 - 65*g**3/6 + 5*g**2/2 + 3*g - 19. Is r(-41) prime?
False
Let x be (12630/(-40))/((-3)/56). Suppose -2905 - x = -3*s. Is s composite?
True
Let z = -7089 + 29960. Is z a composite number?
False
Let f(y) = -y + 5. Let x be f(-5). Let c(l) = 20*l - 362. Let s be c(18). Is s/((-5*(-4)/x)/(-233)) composite?
False
Suppose 76*r + 5678106 = 34711246. Is r composite?
True
Suppose 0 = 2*p + 3*s + 9, -3*p + 4*s - 28 + 6 = 0. Is ((-74)/3)/(8520/1422 + p) composite?
True
Let z(q) = 2*q**2 - 16*q + 36. Let p be z(4). Suppose 4*m - 7*t - 4891 = -4*t, -p*m = -t - 4881. Is m prime?
False
Suppose -20167 + 77763 = 17*y. Is ((-8)/(-12) + y/(-24))*-34 prime?
False
Let o(u) = 26*u**2 - 6*u + 10. Let w be o(3). Let c = w - -855. Is c a composite number?
True
Let b(j) be the second derivative of 76*j**3 + 11*j**2/2 + 65*j. Is b(8) composite?
False
Let q(u) = 3 + 147*u**2 - 4 - 12*u - 10 + 0. Is q(6) a prime number?
True
Let a = 279 - 163. Suppose -27*l = -23*l - a. Let o = 128 + l. Is o a composite number?
False
Suppose -98*m + 78373914 - 20201689 + 3326205 = 0. Is m composite?
True
Suppose 4*p + 2 = -3*g - 0, g - 2*p = -4. Let l(h) = -100*h - 14. Let r be l(g). Let d = r + -45. Is d a prime number?
False
Is (0 - 2) + 6 + 43423 a composite number?
False
Let a(t) = -10*t + 60. Let y be a(6). Suppose y = 3*i + 4*i - 10549. Is i composite?
True
Suppose 7*u = 5*u - 14*u + 1502512. Is u a composite number?
True
Let b(m) = 3*m**3 - 3*m**2 + 10. Let n be b(5). Let a be (-52)/6*27/(-2). Let x = n + a. Is x a prime number?
False
Let o be 8/2 - (-11 - -9). Let u(p) = -157*p - 25. Let z(v) = 627*v + 100. Let x(n) = -9*u(n) - 2*z(n). Is x(o) prime?
False
Let i = 28 - 39. Let r = i - -16. Suppose 0 = r*h - 1470 - 3065. Is h prime?
True
Let t(a) = a**3 - 39*a**2 + 3*a - 111. Let j be t(39). Suppose -j*k = 14*k - 59980. Is k a prime number?
True
Let m(n) = n**2 + 2*n - 12.